nd 4?
4
Suppose 4*l + 29 = 161. Let a be -13 + 1 + 0 + 1. Let s = a + l. Calculate the greatest common factor of s and 11.
11
Let q = -624 + 924. Calculate the greatest common factor of q and 120.
60
Let u = 1 + 1. Suppose -6*k - 52 = -112. Calculate the highest common factor of k and u.
2
Suppose -44*s + 48*s - 260 = 0. Calculate the greatest common divisor of 182 and s.
13
Let s(a) = 12*a**2 - 13*a - 2. Let u be s(-2). Let d(j) = -j**3 + 5*j**2 + 9*j - 6. Let l be d(6). What is the highest common divisor of l and u?
12
Let l be -40*(4/(-5)*1)/2. What is the highest common factor of l and 1968?
16
Let l = 45 + -42. Suppose -2*i = l*i - 85. What is the highest common factor of i and 17?
17
Let o(g) = g**2 - 23*g - 150. Let z be o(29). Calculate the greatest common factor of 300 and z.
12
Let q be 1/((1/(-27))/(-1)). Let y(z) = 3*z**2 - 25*z + 7. Let k be y(13). Calculate the highest common factor of q and k.
27
Let d be -5*(0 - (-364)/(-5)). Let j = d + -254. Suppose -20 = -4*k - 5*n, -k = -n + 3*n - 2. Calculate the highest common divisor of j and k.
10
Suppose 5*f - 13 = 2*b, -4*f + 5*f - 2*b = 1. Let m be 3/(f/50) + -4. Calculate the greatest common factor of 23 and m.
23
Suppose -5*b + 84 = -s, -4*s = -3*b - 0*b + 64. Let o(u) = u**2 - 2*u + 8. Let z be o(-6). What is the greatest common factor of b and z?
8
Let o = 32 + -29. Suppose 96 + 36 = o*g. Calculate the greatest common divisor of g and 176.
44
Let v(r) = 0 - 5 + r - 2. Let f be v(10). What is the greatest common divisor of f and 33?
3
Let a = -35 - -59. Let p be ((-27)/4)/(a/(-448)). Suppose 4*h - 53 = -x, h + 4*h + 4*x - 58 = 0. What is the greatest common factor of p and h?
14
Suppose -15*t - 7*t = -154. What is the greatest common factor of t and 28?
7
Let i = -409 - -706. What is the greatest common factor of i and 66?
33
Let g be ((-112)/21)/(4/(-228)). What is the highest common factor of 38 and g?
38
Let y be (-111)/7*-1 + 17/119. Let l = 21 - 13. What is the greatest common factor of y and l?
8
Let u(f) = f**2 + 16*f + 70. Let q be u(-6). What is the greatest common divisor of 40 and q?
10
Let r be 39/52*24/3. Let y be (3 + -5)*1/2. Let p = r - y. What is the highest common factor of 7 and p?
7
Let v(q) = -q**3 + 9*q**2 - 9*q - 6. Let d be v(7). Let r(s) = 4*s**2 + s + 13. Let c be r(-8). What is the highest common divisor of d and c?
29
Suppose 0 = -2*i + 3*v + 955, -3*v + 1373 = 3*i - 97. Calculate the highest common divisor of 10 and i.
5
Let f(u) = 7 - 57*u - 5 - 4. Let g be f(-2). Let k be -1 - g/(-4) - 2. Calculate the greatest common divisor of 5 and k.
5
Let y = -201 - -233. What is the greatest common factor of 1 and y?
1
Suppose 2*d + 6 = 4*d. Suppose 7 = d*q + 1. Suppose 13 + q = 5*v, -3*c = v - 21. Calculate the highest common factor of c and 24.
6
Let b(q) = 5*q**2 - 28*q + 27. Let p be b(1). Calculate the highest common factor of p and 676.
4
Let f = -489 - -518. What is the highest common factor of f and 145?
29
Let q(y) = 4*y**3 + 9*y - 30. Let c be q(3). What is the highest common divisor of 147 and c?
21
Let b be 0/9 - (0 + 12). Let k = -6 + 25. Let w = k + b. What is the highest common divisor of 7 and w?
7
Let c(g) = -4*g - 3. Let y be c(-5). Suppose s - 30 = -4*p + 12, 4*p = 5*s + 54. Suppose 414 = 5*i - p. Calculate the greatest common divisor of y and i.
17
Suppose 2*h = -o + 5 + 351, 3*o - 5*h - 1046 = 0. Let f be o/(-12)*(-6)/4. Let k = -1 + 12. Calculate the highest common factor of k and f.
11
Suppose 0 = 2*p - 40*m + 42*m - 300, 5*m + 780 = 5*p. Calculate the highest common factor of 9 and p.
9
Let x be 135/(-12)*6*-20. What is the greatest common factor of x and 100?
50
Suppose -2*r - 12 + 4 = 0. Let b be r/14 + 708/28. Let g be (b/(-5))/((-2)/2). Calculate the highest common factor of g and 50.
5
Let b(z) = 9*z - 39. Let r be b(10). Suppose l - 27 = 13. Suppose 4*v - l = -2*t, 0 = 4*t - 2*v + 11 - r. Calculate the greatest common factor of t and 12.
12
Suppose 17 = j + 2*o, 2*o + 43 = 4*j + 5*o. What is the greatest common divisor of j and 4?
1
Let h = -875 - -977. Suppose 3*c - 5*v + 2 = 0, 3*v - 8 = v. What is the highest common factor of h and c?
6
Let t = 3 + -4. Let p = t - -10. Let j = 113 + -14. Calculate the greatest common divisor of j and p.
9
Let o = -15 + 21. Suppose -4*j - 4*a = -16, 3*j + 5*a + 2 = 14. Suppose j*k - 20 = -3*b + o, -2*b + 2*k = -8. Calculate the highest common factor of b and 42.
6
Suppose 2*k - 149 = k. Let g be (-102)/(-21) - 0 - (-1)/7. Suppose 3*b + a = k, -3*b - g*a + 154 = -3*a. What is the greatest common divisor of b and 32?
16
Let v be 84/5 + 5/25. Suppose -1 = -4*y - v. Let a = 7 + y. Calculate the greatest common divisor of 2 and a.
1
Let n = -8 + 11. Let s be 5*(8/(-5) - -7). Calculate the highest common factor of n and s.
3
Let w(x) = x**2 - 14*x + 59. Let p be w(-5). Calculate the greatest common divisor of p and 112.
14
Let n be (12/(14 + 22))/(2/72). Suppose -3 = -3*k + 6. Calculate the highest common factor of n and k.
3
Suppose 5*x - 70 = 3*q, -3*x + 3*q + 19 = -x. Suppose 0 = -17*z - 4*z + 1071. What is the greatest common factor of z and x?
17
Let u(t) = -t**3 + 12*t**2 + t + 10. Let s be u(12). Suppose 120*r + s = 121*r. Calculate the highest common divisor of 33 and r.
11
Suppose 12*k = -2351 + 8279. Calculate the highest common divisor of 76 and k.
38
Let b be ((-10)/(-40))/(1/8). Suppose -2*g + 26 = b. Let o = 32 - g. What is the greatest common factor of o and 160?
20
Let r = -460 - -319. Let k = r + 405. Calculate the highest common divisor of 33 and k.
33
Let h be ((-960)/50)/((-4)/10). What is the greatest common divisor of h and 9?
3
Suppose -u + 0*n - 4 = -n, 3*n - 9 = 2*u. Let o(t) = -17*t - 15. Let l be o(u). What is the highest common factor of l and 24?
12
Suppose 0 = -5*t - 3*t + 520. Calculate the greatest common factor of t and 1495.
65
Suppose 8*f + 2*t = 3*f + 65, 45 = 4*f + 3*t. Let m = -12 + f. Suppose -m*d + 78 = 15. What is the highest common divisor of d and 14?
7
Let f(d) = d**2 + 2*d - 11. Let i be (-100)/(-30)*(-12)/(-10) - -1. Let v be f(i). Calculate the greatest common divisor of v and 36.
12
Suppose 191*p + 54 = 197*p. Calculate the greatest common factor of p and 441.
9
Let w be 5/20 + (-7)/(-4). Suppose -32 + w = -2*o. Let d(v) = -2*v - 7. Let i be d(-6). What is the highest common divisor of o and i?
5
Suppose 0 = -2*v + 4*d + 48, 3*v + 9*d - 64 = 13*d. Let h(q) = -3*q - 5. Let s = -14 + 7. Let o be h(s). What is the highest common divisor of o and v?
16
Let a(v) = -4*v - 6. Let z(o) = -2*o - 3. Let g(h) = -2*a(h) + 5*z(h). Let r be g(-4). What is the greatest common divisor of 40 and r?
5
Suppose -8*w - 20*w + 224 = 0. What is the greatest common divisor of 8 and w?
8
Let t be (18 + (-4 - -4))*7. What is the greatest common factor of t and 18?
18
Suppose -g = 5, -2*u - 16 = 3*g - 1. Suppose -2*q + 8 + 2 = u. Let y be (4 - q)*1*-2. What is the highest common factor of 3 and y?
1
Let c be 15/21 - 2/(-7). Let t = 71 - 60. What is the greatest common factor of t and c?
1
Suppose -6*f - 84 = 8*f. Let x(a) = -23*a - 10. Let z be x(f). Calculate the greatest common divisor of 16 and z.
16
Let x be (-8 + 5 - -72) + 2 + -8. Calculate the highest common factor of 693 and x.
63
Let l(w) = -2*w + 8. Let i(z) = 3*z - 15. Let k(u) = 3*i(u) + 5*l(u). Let g be k(-17). Calculate the greatest common factor of 108 and g.
12
Let m = -164 + 405. Suppose 309 + m = 5*w. What is the greatest common divisor of 10 and w?
10
Let q = 5 + -13. Let p be 3 - q/(24/135). What is the greatest common divisor of p and 12?
12
Suppose -3*y = m - 3, -4*m = m - y - 47. Let x = m + -5. Suppose x = 6*s - 2. What is the greatest common factor of s and 2?
1
Let q be 6/33 + (-2328)/(-22). Let v be q/3 + (40/6)/10. Calculate the greatest common factor of 144 and v.
36
Suppose 4*m + 2*s - 28 = 3*m, -3*m + 2*s + 44 = 0. Calculate the highest common factor of m and 18.
18
Let x(l) be the second derivative of l**4/12 + 13*l**3/6 + 6*l**2 - 33*l. Let s be x(-21). Calculate the highest common divisor of s and 9.
9
Suppose -8*g + 42 - 10 = 0. What is the highest common factor of g and 2?
2
Let d = -226 - -227. Suppose w = 2*j + 2*w - 15, -j + 11 = 4*w. Calculate the highest common divisor of d and j.
1
Sup